{"id":2768665,"date":"2023-11-26T21:36:44","date_gmt":"2023-11-26T20:36:44","guid":{"rendered":"https:\/\/www.soelvahof.com\/geschichte-italiano-italiano\/"},"modified":"2025-02-16T15:42:10","modified_gmt":"2025-02-16T14:42:10","slug":"storia","status":"publish","type":"page","link":"https:\/\/www.soelvahof.com\/it\/maso\/storia\/","title":{"rendered":"Storia"},"content":{"rendered":"<div id=\"cs-content\" class=\"cs-content\"><div class=\"x-section e2768665-e1 m1ncbd-0 m1ncbd-1 m1ncbd-2\"><div class=\"x-row x-container max width e2768665-e2 m1ncbd-c m1ncbd-d m1ncbd-e m1ncbd-f m1ncbd-j m1ncbd-k\"><div class=\"x-row-inner\"><div class=\"x-col x-hide-md x-hide-sm x-hide-xs e2768665-e3 m1ncbd-o\"><\/div><div class=\"x-col x-hide-lg x-hide-xl e2768665-e5 m1ncbd-o\"><\/div><\/div><\/div><\/div><div class=\"x-section e2768665-e7 m1ncbd-0 m1ncbd-1 m1ncbd-2 m1ncbd-3\"><div class=\"x-row x-container max width e2768665-e8 m1ncbd-c m1ncbd-e m1ncbd-f m1ncbd-g m1ncbd-j m1ncbd-l\"><div class=\"x-row-inner\"><div class=\"x-col e2768665-e9 m1ncbd-o\"><div class=\"cs-content x-global-block x-global-block-815605 x-hide-xs e2768665-e10\"><div class=\"x-section x-hide-xs e815605-e2 mhhbp-0\"><div class=\"x-row e815605-e3 mhhbp-1 mhhbp-2\"><div class=\"x-row-inner\"><div class=\"x-col e815605-e4 mhhbp-3\"><nav class=\"x-crumbs e815605-e5 mhhbp-4\" role=\"navigation\"><ol class=\"x-crumbs-list\" itemscope=\"\" itemtype=\"http:\/\/schema.org\/BreadcrumbList\" aria-label=\"Breadcrumb Navigation\"><li class=\"x-crumbs-list-item\" itemprop=\"itemListElement\" itemscope itemtype=\"http:\/\/schema.org\/ListItem\"><a class=\"x-crumbs-current x-crumbs-link\" itemtype=\"http:\/\/schema.org\/Thing\" itemprop=\"item\" href=\"https:\/\/www.soelvahof.com\/it\/\" title=\"You Are Here\"><span itemprop=\"name\">Home<\/span><\/a><meta itemprop=\"position\" content=\"1\"><\/li><\/ol><\/nav><\/div><\/div><\/div><\/div><\/div><\/div><\/div><\/div><\/div><div class=\"x-section e2768665-e11 m1ncbd-1 m1ncbd-2 m1ncbd-4\"><div class=\"x-row x-container max width e2768665-e12 m1ncbd-c m1ncbd-d m1ncbd-h m1ncbd-j m1ncbd-m\"><div class=\"x-row-inner\"><div class=\"x-col e2768665-e13 m1ncbd-o\"><div class=\"x-text x-text-headline e2768665-e14-v0 m1ncbd-p m1ncbd-6 m1ncbd-7 m1ncbd-8 x-effect-exit\" data-x-effect=\"{&quot;scroll&quot;:true,&quot;offsetTop&quot;:&quot;0%&quot;,&quot;offsetBottom&quot;:&quot;0%&quot;,&quot;behaviorScroll&quot;:&quot;fire-once&quot;}\"><div class=\"x-text-content\"><div class=\"x-text-content-text\"><h1 class=\"x-text-content-text-primary\">Storia<\/h1>\n<h2 class=\"x-text-content-text-subheadline\">L'origine della nostra famiglia<\/h2><\/div><\/div><\/div><\/div><\/div><\/div><\/div><div class=\"x-section e2768665-e15 m1ncbd-0 m1ncbd-1 m1ncbd-5\"><div class=\"x-row x-container max width e2768665-e16 m1ncbd-c m1ncbd-f m1ncbd-g m1ncbd-i m1ncbd-j m1ncbd-n\"><div class=\"x-row-inner\"><div class=\"x-col e2768665-e17 m1ncbd-o\"><div class=\"x-text x-content e2768665-e18 m1ncbd-q m1ncbd-r m1ncbd-s m1ncbd-t m1ncbd-6 m1ncbd-8 m1ncbd-9 x-effect-exit\" data-x-effect=\"{&quot;scroll&quot;:true,&quot;offsetTop&quot;:&quot;0%&quot;,&quot;offsetBottom&quot;:&quot;0%&quot;,&quot;behaviorScroll&quot;:&quot;fire-once&quot;}\">Gi\u00e1 da nove generazioni la nostra famiglia pratica la viticoltura a Caldaro, come dimostrano antichi documenti in possesso alla famiglia.<\/div><span class=\"x-image e2768665-e19 m1ncbd-w m1ncbd-6 m1ncbd-a x-effect-exit\" data-x-effect=\"{&quot;scroll&quot;:true,&quot;offsetTop&quot;:&quot;0%&quot;,&quot;offsetBottom&quot;:&quot;0%&quot;,&quot;behaviorScroll&quot;:&quot;fire-once&quot;}\"><img decoding=\"async\" src=\"https:\/\/www.soelvahof.com\/img\/sh_content_1440_family.jpg\" width=\"720\" height=\"539\" alt=\"Family\"><\/span><div class=\"x-text x-content e2768665-e20 m1ncbd-q m1ncbd-s m1ncbd-u m1ncbd-6 m1ncbd-8 m1ncbd-b x-effect-exit\" data-x-effect=\"{&quot;scroll&quot;:true,&quot;offsetTop&quot;:&quot;0%&quot;,&quot;offsetBottom&quot;:&quot;0%&quot;,&quot;behaviorScroll&quot;:&quot;fire-once&quot;}\"><p><span>In piedi, d.s.a.d.: Karl S\u00f6lva, Martin S\u00f6lva e Peter S\u00f6lva<\/span><br \/>\n<span>Seduto, d.s.a.d.: Paul S\u00f6lva, Morandell Immaculata, S\u00f6lva Siegfried e Oswald S\u00f6lva<\/span><\/p><\/div><div class=\"x-text x-content e2768665-e21 m1ncbd-q m1ncbd-t m1ncbd-v m1ncbd-6 m1ncbd-8 m1ncbd-9 x-effect-exit\" data-x-effect=\"{&quot;scroll&quot;:true,&quot;offsetTop&quot;:&quot;0%&quot;,&quot;offsetBottom&quot;:&quot;0%&quot;,&quot;behaviorScroll&quot;:&quot;fire-once&quot;}\"><div class=\"x-text x-content e1415449-e21 muc61-r muc61-t muc61-u muc61-w muc61-7 muc61-9 muc61-c x-effect-enter\" data-x-effect=\"{&quot;scroll&quot;:true,&quot;offsetTop&quot;:&quot;0%&quot;,&quot;offsetBottom&quot;:&quot;0%&quot;,&quot;behaviorScroll&quot;:&quot;fire-once&quot;}\">\n<p>Jakob S\u00f6lva (*1618 - \u20201670) fu la prima persona della storia familiare elencata nei documenti.<\/p>\n\n<\/div>\n<div class=\"x-text x-content e1415449-e22 muc61-r muc61-t muc61-u muc61-w muc61-7 muc61-9 muc61-c x-effect-enter\" data-x-effect=\"{&quot;scroll&quot;:true,&quot;offsetTop&quot;:&quot;0%&quot;,&quot;offsetBottom&quot;:&quot;0%&quot;,&quot;behaviorScroll&quot;:&quot;fire-once&quot;}\">\n<p>Il nonno dell\u2018attuale proprietario dell\u2018azienda, Peter S\u00f6lva, mor\u00ed nel 1932. Suo figlio Siegfried, all\u2019 et\u00e1 di soli 16 anni, ne divenne il nuovo proprietario, continu\u00f2 a curare i vigneti.\u00a0Nel 1943 Siegfried spos\u00f3 Morandell Immaculata e dal matrimonio naquero 5 figli, tutti maschi.\u00a0L\u2018 azienda venne quindi suddivisa tra i figli nel 1983. Il figlio pi\u00f9 anziano divenne proprietario della cantina, continuando il suo lavoro gi\u00e1 intrapreso precedentemente. Invece Paul, diplomato enologo, il pi\u00fa giovane della famiglia, inizi\u00f3 a lavorare i terreni annessi all\u2018azienda di cui era divenuto proprietario.<\/p>\n\n<\/div>\n<div class=\"x-text x-content e1415449-e23 muc61-t muc61-u muc61-x muc61-7 muc61-9 muc61-c x-effect-enter\" data-x-effect=\"{&quot;scroll&quot;:true,&quot;offsetTop&quot;:&quot;0%&quot;,&quot;offsetBottom&quot;:&quot;0%&quot;,&quot;behaviorScroll&quot;:&quot;fire-once&quot;}\">\n<p>Nell\u2018 anno 1997 l\u2018azienda viticola venne disposta a maso chiuso, una forma particolare di eredit\u00e0 ancora ivi presente dai tempi del regime austriaco.<\/p>\n\n<\/div><\/div><\/div><\/div><\/div><\/div><\/div>","protected":false},"excerpt":{"rendered":"<p>HomeStoria L&#8217;origine della nostra famigliaGi\u00e1 da nove generazioni la nostra famiglia pratica la viticoltura a Caldaro, come dimostrano antichi documenti in possesso alla famiglia.In piedi, d.s.a.d.: Karl S\u00f6lva, Martin S\u00f6lva e Peter S\u00f6lva Seduto, d.s.a.d.: Paul S\u00f6lva, Morandell Immaculata, S\u00f6lva Siegfried e Oswald S\u00f6lva Jakob S\u00f6lva (*1618 &#8211; \u20201670) fu la prima persona della storia familiare elencata nei documenti. Il &#8230;<\/p>\n","protected":false},"author":1,"featured_media":0,"parent":2768895,"menu_order":0,"comment_status":"closed","ping_status":"closed","template":"","meta":{"inline_featured_image":false,"footnotes":""},"class_list":["post-2768665","page","type-page","status-publish","hentry","no-post-thumbnail"],"_links":{"self":[{"href":"https:\/\/www.soelvahof.com\/it\/wp-json\/wp\/v2\/pages\/2768665","targetHints":{"allow":["GET"]}}],"collection":[{"href":"https:\/\/www.soelvahof.com\/it\/wp-json\/wp\/v2\/pages"}],"about":[{"href":"https:\/\/www.soelvahof.com\/it\/wp-json\/wp\/v2\/types\/page"}],"author":[{"embeddable":true,"href":"https:\/\/www.soelvahof.com\/it\/wp-json\/wp\/v2\/users\/1"}],"replies":[{"embeddable":true,"href":"https:\/\/www.soelvahof.com\/it\/wp-json\/wp\/v2\/comments?post=2768665"}],"version-history":[{"count":5,"href":"https:\/\/www.soelvahof.com\/it\/wp-json\/wp\/v2\/pages\/2768665\/revisions"}],"predecessor-version":[{"id":2769217,"href":"https:\/\/www.soelvahof.com\/it\/wp-json\/wp\/v2\/pages\/2768665\/revisions\/2769217"}],"up":[{"embeddable":true,"href":"https:\/\/www.soelvahof.com\/it\/wp-json\/wp\/v2\/pages\/2768895"}],"wp:attachment":[{"href":"https:\/\/www.soelvahof.com\/it\/wp-json\/wp\/v2\/media?parent=2768665"}],"curies":[{"name":"wp","href":"https:\/\/api.w.org\/{rel}","templated":true}]}}

<div id="cs-content" class="cs-content"><div class="x-section e2768665-e1 m1ncbd-0 m1ncbd-1 m1ncbd-2"><div class="x-row x-container max width e2768665-e2 m1ncbd-c m1ncbd-d m1ncbd-e m1ncbd-f m1ncbd-j m1ncbd-k"><div class="x-row-inner"><div class="x-col x-hide-md x-hide-sm x-hide-xs e2768665-e3 m1ncbd-o"></div><div class="x-col x-hide-lg x-hide-xl e2768665-e5 m1ncbd-o"></div></div></div></div><div class="x-section e2768665-e7 m1ncbd-0 m1ncbd-1 m1ncbd-2 m1ncbd-3"><div class="x-row x-container max width e2768665-e8 m1ncbd-c m1ncbd-e m1ncbd-f m1ncbd-g m1ncbd-j m1ncbd-l"><div class="x-row-inner"><div class="x-col e2768665-e9 m1ncbd-o"><div class="cs-content x-global-block x-global-block-815605 x-hide-xs e2768665-e10"><div class="x-section x-hide-xs e815605-e2 mhhbp-0"><div class="x-row e815605-e3 mhhbp-1 mhhbp-2"><div class="x-row-inner"><div class="x-col e815605-e4 mhhbp-3"><nav class="x-crumbs e815605-e5 mhhbp-4" role="navigation"><ol class="x-crumbs-list" itemscope="" itemtype="http://schema.org/BreadcrumbList" aria-label="Breadcrumb Navigation"><li class="x-crumbs-list-item" itemprop="itemListElement" itemscope itemtype="http://schema.org/ListItem"><a class="x-crumbs-current x-crumbs-link" itemtype="http://schema.org/Thing" itemprop="item" href="https://www.soelvahof.com/it/" title="You Are Here"><span itemprop="name">Home</span></a><meta itemprop="position" content="1"></li></ol></nav></div></div></div></div></div></div></div></div></div><div class="x-section e2768665-e11 m1ncbd-1 m1ncbd-2 m1ncbd-4"><div class="x-row x-container max width e2768665-e12 m1ncbd-c m1ncbd-d m1ncbd-h m1ncbd-j m1ncbd-m"><div class="x-row-inner"><div class="x-col e2768665-e13 m1ncbd-o"><div class="x-text x-text-headline e2768665-e14-v0 m1ncbd-p m1ncbd-6 m1ncbd-7 m1ncbd-8 x-effect-exit" data-x-effect="{&quot;scroll&quot;:true,&quot;offsetTop&quot;:&quot;0%&quot;,&quot;offsetBottom&quot;:&quot;0%&quot;,&quot;behaviorScroll&quot;:&quot;fire-once&quot;}"><div class="x-text-content"><div class="x-text-content-text"><h1 class="x-text-content-text-primary">Storia</h1>
<h2 class="x-text-content-text-subheadline">L'origine della nostra famiglia</h2></div></div></div></div></div></div></div><div class="x-section e2768665-e15 m1ncbd-0 m1ncbd-1 m1ncbd-5"><div class="x-row x-container max width e2768665-e16 m1ncbd-c m1ncbd-f m1ncbd-g m1ncbd-i m1ncbd-j m1ncbd-n"><div class="x-row-inner"><div class="x-col e2768665-e17 m1ncbd-o"><div class="x-text x-content e2768665-e18 m1ncbd-q m1ncbd-r m1ncbd-s m1ncbd-t m1ncbd-6 m1ncbd-8 m1ncbd-9 x-effect-exit" data-x-effect="{&quot;scroll&quot;:true,&quot;offsetTop&quot;:&quot;0%&quot;,&quot;offsetBottom&quot;:&quot;0%&quot;,&quot;behaviorScroll&quot;:&quot;fire-once&quot;}">Giá da nove generazioni la nostra famiglia pratica la viticoltura a Caldaro, come dimostrano antichi documenti in possesso alla famiglia.</div><span class="x-image e2768665-e19 m1ncbd-w m1ncbd-6 m1ncbd-a x-effect-exit" data-x-effect="{&quot;scroll&quot;:true,&quot;offsetTop&quot;:&quot;0%&quot;,&quot;offsetBottom&quot;:&quot;0%&quot;,&quot;behaviorScroll&quot;:&quot;fire-once&quot;}"><img decoding="async" src="https://www.soelvahof.com/img/sh_content_1440_family.jpg" width="720" height="539" alt="Family"></span><div class="x-text x-content e2768665-e20 m1ncbd-q m1ncbd-s m1ncbd-u m1ncbd-6 m1ncbd-8 m1ncbd-b x-effect-exit" data-x-effect="{&quot;scroll&quot;:true,&quot;offsetTop&quot;:&quot;0%&quot;,&quot;offsetBottom&quot;:&quot;0%&quot;,&quot;behaviorScroll&quot;:&quot;fire-once&quot;}"><p><span>In piedi, d.s.a.d.: Karl Sölva, Martin Sölva e Peter Sölva</span><br />
<span>Seduto, d.s.a.d.: Paul Sölva, Morandell Immaculata, Sölva Siegfried e Oswald Sölva</span></p></div><div class="x-text x-content e2768665-e21 m1ncbd-q m1ncbd-t m1ncbd-v m1ncbd-6 m1ncbd-8 m1ncbd-9 x-effect-exit" data-x-effect="{&quot;scroll&quot;:true,&quot;offsetTop&quot;:&quot;0%&quot;,&quot;offsetBottom&quot;:&quot;0%&quot;,&quot;behaviorScroll&quot;:&quot;fire-once&quot;}"><div class="x-text x-content e1415449-e21 muc61-r muc61-t muc61-u muc61-w muc61-7 muc61-9 muc61-c x-effect-enter" data-x-effect="{&quot;scroll&quot;:true,&quot;offsetTop&quot;:&quot;0%&quot;,&quot;offsetBottom&quot;:&quot;0%&quot;,&quot;behaviorScroll&quot;:&quot;fire-once&quot;}">
<p>Jakob Sölva (*1618 - †1670) fu la prima persona della storia familiare elencata nei documenti.</p>

</div>
<div class="x-text x-content e1415449-e22 muc61-r muc61-t muc61-u muc61-w muc61-7 muc61-9 muc61-c x-effect-enter" data-x-effect="{&quot;scroll&quot;:true,&quot;offsetTop&quot;:&quot;0%&quot;,&quot;offsetBottom&quot;:&quot;0%&quot;,&quot;behaviorScroll&quot;:&quot;fire-once&quot;}">
<p>Il nonno dell‘attuale proprietario dell‘azienda, Peter Sölva, morí nel 1932. Suo figlio Siegfried, all’ etá di soli 16 anni, ne divenne il nuovo proprietario, continuò a curare i vigneti. Nel 1943 Siegfried sposó Morandell Immaculata e dal matrimonio naquero 5 figli, tutti maschi. L‘ azienda venne quindi suddivisa tra i figli nel 1983. Il figlio più anziano divenne proprietario della cantina, continuando il suo lavoro giá intrapreso precedentemente. Invece Paul, diplomato enologo, il piú giovane della famiglia, inizió a lavorare i terreni annessi all‘azienda di cui era divenuto proprietario.</p>

</div>
<div class="x-text x-content e1415449-e23 muc61-t muc61-u muc61-x muc61-7 muc61-9 muc61-c x-effect-enter" data-x-effect="{&quot;scroll&quot;:true,&quot;offsetTop&quot;:&quot;0%&quot;,&quot;offsetBottom&quot;:&quot;0%&quot;,&quot;behaviorScroll&quot;:&quot;fire-once&quot;}">
<p>Nell‘ anno 1997 l‘azienda viticola venne disposta a maso chiuso, una forma particolare di eredità ancora ivi presente dai tempi del regime austriaco.</p>

</div></div></div></div></div></div></div>

<p>HomeStoria L&#8217;origine della nostra famigliaGiá da nove generazioni la nostra famiglia pratica la viticoltura a Caldaro, come dimostrano antichi documenti in possesso alla famiglia.In piedi, d.s.a.d.: Karl Sölva, Martin Sölva e Peter Sölva Seduto, d.s.a.d.: Paul Sölva, Morandell Immaculata, Sölva Siegfried e Oswald Sölva Jakob Sölva (*1618 &#8211; †1670) fu la prima persona della storia familiare elencata nei documenti. Il &#8230;</p>
